{"id":9391,"date":"2025-07-31T06:34:06","date_gmt":"2025-07-31T06:34:06","guid":{"rendered":"https:\/\/sachkhaitam.store\/?post_type=product&#038;p=9391"},"modified":"2025-07-31T06:34:11","modified_gmt":"2025-07-31T06:34:11","slug":"boxset-tu-thu-4-cuon-sach-khai-tam","status":"publish","type":"product","link":"https:\/\/sachkhaitam.store\/index.php\/product\/boxset-tu-thu-4-cuon-sach-khai-tam\/","title":{"rendered":"BOXSET T\u1ee8 TH\u01af (4 cu\u1ed1n)"},"content":{"rendered":"<table width=\"231\">\n<tbody>\n<tr>\n<td width=\"231\">T\u1ee9 Th\u01b0 l\u00e0 b\u1ed9 4 t\u00e1c ph\u1ea9m kinh \u0111i\u1ec3n c\u1ee7a Nho gi\u00e1o Trung Hoa, \u0111\u01b0\u1ee3c Chu Hy th\u1eddi nh\u00e0 T\u1ed1ng tuy\u1ec3n ch\u1ecdn, t\u1ed5ng h\u1ee3p nh\u1eefng h\u1ecdc lu\u1eadn quan tr\u1ecdng c\u1ee7a c\u00e1c b\u1eadc tr\u00ed gi\u1ea3. B\u1ed9 s\u00e1ch g\u1ed3m 4 t\u00e1c ph\u1ea9m:<\/p>\n<p>1. \u0110\u1ea1i H\u1ecdc<\/p>\n<p>\u0110\u1ea1i h\u1ecdc l\u00e0 thi\u00ean th\u1ee9 b\u1ed1n m\u01b0\u01a1i hai trong b\u1ed1n m\u01b0\u01a1i ch\u00edn thi\u00ean c\u1ee7a b\u1ed9 s\u00e1ch L\u1ec5 k\u00fd, t\u01b0\u01a1ng truy\u1ec1n l\u00e0 c\u1ee7a T\u0103ng T\u1eed.<\/p>\n<p>Kh\u1ed5ng D\u0129nh \u0110\u1ea1t \u0111\u1eddi \u0110\u01b0\u1eddng n\u00f3i: \u201cTh\u1eed \u0110\u1ea1i h\u1ecdc chi thi\u00ean, lu\u1eadn h\u1ecdc th\u00e0nh chi s\u1ef1, n\u0103ng tr\u1ecb k\u1ef3 qu\u1ed1c, ch\u01b0\u01a1ng minh k\u1ef3 \u0111\u1ee9c \u01b0 thi\u00ean h\u1ea1\u201d (Thi\u00ean \u0110\u1ea1i h\u1ecdc n\u00e0y lu\u1eadn vi\u1ec7c h\u1ecdc th\u00e0nh, c\u00f3 th\u1ec3 tr\u1ecb n\u01b0\u1edbc, l\u00e0m s\u00e1ng t\u1ecf \u0111\u1ee9c v\u1edbi thi\u00ean h\u1ea1).<\/p>\n<p>X\u00e9t v\u1ec1 n\u1ed9i dung th\u00ec \u0110\u1ea1i h\u1ecdc bao h\u00e0m c\u1ea3 lu\u00e2n l\u00fd, tri\u1ebft h\u1ecdc v\u00e0 ch\u00ednh tr\u1ecb, dung h\u00f2a th\u00e0nh m\u1ed9t th\u1ec3 th\u1ed1ng nh\u1ea5t. S\u00e1ch n\u00e0y n\u00eau ra ba c\u01b0\u01a1ng l\u0129nh l\u1edbn l\u00e0 \u201cminh minh \u0111\u1ee9c\u201d, \u201cth\u00e2n d\u00e2n\u201d v\u00e0 \u201cch\u1ec9 \u01b0 ch\u00ed thi\u1ec7n\u201d c\u00f9ng v\u1edbi t\u00e1m \u0111i\u1ec1u m\u1ee5c l\u00e0 \u201cc\u00e1ch v\u1eadt\u201d, \u201ctr\u00ed tri\u201d, \u201cth\u00e0nh \u00fd\u201d, \u201cch\u00ednh t\u00e2m\u201d, \u201ctu th\u00e2n\u201d, \u201ct\u1ec1 gia\u201d, \u201ctr\u1ecb qu\u1ed1c\u201d v\u00e0 \u201cb\u00ecnh thi\u00ean h\u1ea1\u201d, \u0111\u00f3 l\u00e0 nh\u1eefng c\u01b0\u01a1ng l\u0129nh c\u01a1 b\u1ea3n v\u00e0 nguy\u00ean t\u1eafc ch\u1ee7 y\u1ebfu c\u1ee7a c\u00e1i h\u1ecdc \u201cn\u1ed9i th\u00e1nh ngo\u1ea1i v\u01b0\u01a1ng\u201d c\u1ee7a Nho gia.<\/p>\n<p>2. Trung Dung<\/p>\n<p>Gi\u1ed1ng nh\u01b0 \u0110\u1ea1i h\u1ecdc, Trung dung v\u1ed1n c\u0169ng l\u00e0 m\u1ed9t thi\u00ean trong b\u1ed9 s\u00e1ch L\u1ec5 k\u00fd, t\u01b0\u01a1ng truy\u1ec1n t\u00e1c gi\u1ea3 l\u00e0 T\u1eed T\u01b0, t\u1ee9c Kh\u1ed5ng C\u1ea5p, ch\u00e1u \u0111\u00edch t\u00f4n c\u1ee7a Kh\u1ed5ng T\u1eed.<\/p>\n<p>V\u1eady trung dung l\u00e0 g\u00ec?<\/p>\n<p>Tr\u00ecnh T\u1eed gi\u1ea3i th\u00edch: \u201cB\u1ea5t thi\u00ean chi v\u1ecb trung, b\u1ea5t d\u1ecbch chi v\u1ecb dung. Trung gi\u1ea3 thi\u00ean h\u1ea1 chi ch\u00ednh \u0111\u1ea1o; dung gi\u1ea3 thi\u00ean h\u1ea1 chi \u0111\u1ecbnh l\u00fd\u201d (Kh\u00f4ng thi\u00ean l\u1ec7ch g\u1ecdi l\u00e0 trung, kh\u00f4ng d\u1eddi \u0111\u1ed5i g\u1ecdi l\u00e0 dung. Trung l\u00e0 con \u0111\u01b0\u1eddng ch\u00ednh \u0111\u00e1ng c\u1ee7a thi\u00ean h\u1ea1, dung l\u00e0 c\u00e1i l\u1ebd c\u1ed1 \u0111\u1ecbnh c\u1ee7a thi\u00ean h\u1ea1). Chu Hy gi\u1ea3i th\u00edch: \u201cTrung gi\u1ea3, b\u1ea5t thi\u00ean b\u1ea5t \u1ef7, v\u00f4 qu\u00e1 b\u1ea5t c\u1eadp chi danh; trung, b\u00ecnh th\u01b0\u1eddng d\u00e3\u201d (Trung l\u00e0 kh\u00f4ng nghi\u00eang kh\u00f4ng d\u1ef1a, kh\u00f4ng th\u00e1i qu\u00e1 m\u00e0 c\u0169ng ch\u1eb3ng n\u1eeda v\u1eddi; dung ngh\u0129a l\u00e0 b\u00ecnh th\u01b0\u1eddng v\u1eady).<\/p>\n<p>V\u1ec1 gi\u00e1 tr\u1ecb c\u1ee7a Trung dung, Phan Khoang cho r\u1eb1ng s\u00e1ch n\u00e0y \u201cg\u1ed3m h\u1ebft c\u00e1i uy\u00ean \u00e1o c\u1ee7a tri\u1ebft l\u00fd Kh\u1ed5ng gi\u00e1o, l\u00e0 s\u00e1ch t\u1ea3 ng\u01b0\u1eddi qu\u00e2n t\u1eed t\u01b0\u1eddng t\u1eadn h\u01a1n c\u1ea3, m\u00e0 gi\u00e1o l\u00fd c\u1ed1t y\u1ebfu c\u1ee7a \u0111\u1ea1o Kh\u1ed5ng l\u00e0 c\u00e1i quan ni\u1ec7m v\u1ec1 ng\u01b0\u1eddi qu\u00e2n t\u1eed\u201d. Tuy nhi\u00ean \u201cv\u00ec \u00fd t\u1ee9 si\u00eau vi\u1ec7t, ngh\u0129a l\u00fd u \u1ea9n, c\u00e1c ch\u01b0\u01a1ng c\u00fa m\u1edbi xem qua nh\u01b0 r\u1eddi r\u1ea1c, n\u00ean ng\u01b0\u1eddi m\u1edbi h\u1ecdc kh\u00f3 m\u00e0 hi\u1ec3u h\u1ebft \u0111\u01b0\u1ee3c\u201d. B\u1edfi \u00fd ngh\u0129a s\u00e2u s\u1eafc \u0111\u00f3, Trung dung tuy ch\u1ec9 l\u00e0 m\u1ed9t quy\u1ec3n s\u00e1ch ng\u1eafn, nh\u01b0ng l\u1ea1i \u0111\u01b0\u1ee3c x\u1ebfp sau c\u00f9ng trong tr\u00ecnh t\u1ef1 \u0111\u1ecdc T\u1ee9 th\u01b0, ng\u01b0\u1eddi h\u1ecdc ph\u1ea3i \u0111\u1ecdc \u0110\u1ea1i h\u1ecdc, Lu\u1eadn ng\u1eef, M\u1ea1nh T\u1eed tr\u01b0\u1edbc r\u1ed3i m\u1edbi \u0111\u1ecdc t\u1edbi Trung dung, c\u00f3 nh\u01b0 v\u1eady m\u1edbi l\u0129nh h\u1ed9i \u0111\u01b0\u1ee3c h\u1ebft \u00fd ngh\u0129a c\u1ee7a \u0111\u1ea1o trung dung v\u00e0 v\u1eadn d\u1ee5ng \u0111\u00fang c\u00e1ch trong m\u1ecdi t\u00ecnh hu\u1ed1ng c\u1ee7a cu\u1ed9c s\u1ed1ng.<\/p>\n<p>3. Lu\u1eadn Ng\u1eef<\/p>\n<p>T\u01b0 M\u00e3 Thi\u00ean \u0111\u00e1nh gi\u00e1:<\/p>\n<p>Ta \u0111\u1ecdc s\u00e1ch c\u1ee7a h\u1ecd Kh\u1ed5ng, t\u01b0\u1edfng nh\u01b0 th\u1ea5y \u0111\u01b0\u1ee3c ng\u01b0\u1eddi. Khi sang n\u01b0\u1edbc L\u1ed7, xem mi\u1ebfu \u0111\u01b0\u1eddng, xa ph\u1ee5c v\u00e0 l\u1ec5 kh\u00ed c\u1ee7a Tr\u1ecdng Ni, c\u00e1c h\u1ecdc tr\u00f2 t\u1eadp l\u1ec5 theo \u0111\u00fang m\u00f9a ngay t\u1ea1i nh\u00e0, ta c\u1ee9 n\u00e1n l\u1ea1i kh\u00f4ng \u0111i \u0111\u01b0\u1ee3c. Qu\u00e2n v\u01b0\u01a1ng v\u1edbi hi\u1ec1n nh\u00e2n trong thi\u00ean h\u1ea1 r\u1ea5t nhi\u1ec1u, \u0111\u01b0\u01a1ng th\u1eddi vinh hi\u1ec3n, nh\u01b0ng ch\u1ebft \u0111i l\u00e0 xong. Kh\u1ed5ng T\u1eed xu\u1ea5t th\u00e2n \u00e1o v\u1ea3i, truy\u1ec1n h\u01a1n m\u01b0\u1eddi \u0111\u1eddi, \u0111\u01b0\u1ee3c m\u1ecdi h\u1ecdc gi\u1ea3 t\u00f4n l\u00e0m th\u1ea7y. T\u1eeb thi\u00ean t\u1eed \u0111\u1ebfn ch\u01b0 h\u1ea7u Trung Qu\u1ed1c, khi n\u00f3i \u0111\u1ebfn l\u1ee5c ngh\u1ec7 \u0111\u1ec1u l\u1ea5y phu t\u1eed l\u00e0m chu\u1ea9n m\u1ef1c, c\u00f3 th\u1ec3 n\u00f3i l\u00e0 b\u1eadc ch\u00ed th\u00e1nh v\u1eady.<\/p>\n<p>Lu\u1eadn ng\u1eef l\u00e0 t\u00e1c ph\u1ea9m t\u00e1i hi\u1ec7n cu\u1ed9c \u0111\u1eddi v\u00e0 t\u01b0 t\u01b0\u1edfng c\u1ee7a Kh\u1ed5ng T\u1eed ch\u00e2n th\u1eadt nh\u1ea5t. Trong Lu\u1eadn ng\u1eef t\u1eadp ch\u00fa, Chu Hy n\u00f3i r\u1eb1ng \u201cKh\u1ed5ng T\u1eed san Thi Th\u01b0, \u0111\u1ecbnh L\u1ec5 Nh\u1ea1c, t\u00e1n Chu D\u1ecbch, tu Xu\u00e2n Thu\u201d. V\u1edbi t\u1ea7m \u1ea3nh h\u01b0\u1edfng c\u1ee7a Chu Hy, thuy\u1ebft n\u00e0y \u0111\u00e3 tr\u1edf th\u00e0nh ch\u00ednh th\u1ed1ng. V\u00e0 l\u1ee5c kinh Thi, Th\u01b0, L\u1ec5, Nh\u1ea1c, D\u1ecbch, Xu\u00e2n Thu c\u0169ng g\u1eafn li\u1ec1n v\u1edbi t\u00ean tu\u1ed5i Kh\u1ed5ng T\u1eed, tr\u1edf th\u00e0nh c\u00e1c t\u00e1c ph\u1ea9m ti\u00eau bi\u1ec3u m\u1ed7i khi nh\u1eafc \u0111\u1ebfn \u00f4ng.<\/p>\n<p>Lu\u1eadn ng\u1eef ra \u0111\u1eddi v\u00e0o kho\u1ea3ng th\u1eddi Chi\u1ebfn Qu\u1ed1c (475-221 tr\u01b0\u1edbc C\u00f4ng nguy\u00ean). V\u1ec1 t\u1ef1a s\u00e1ch, Th\u00edch danh c\u1ee7a L\u01b0u Hy th\u1eddi \u0110\u00f4ng H\u00e1n gi\u1ea3i th\u00edch: \u201cLu\u1eadn l\u00e0 lu\u00e2n, c\u00f3 ngh\u0129a l\u00e0 lu\u00e2n l\u00fd. Ng\u1eef l\u00e0 t\u01b0\u1eddng thu\u1eadt, t\u01b0\u1eddng thu\u1eadt nh\u1eefng \u0111i\u1ec1u b\u1ea3n th\u00e2n mu\u1ed1n n\u00f3i ra\u201d. Ph\u00f3 Huy\u1ec1n th\u1eddi T\u00e2y T\u1ea5n gi\u1ea3i th\u00edch \u0111\u01a1n gi\u1ea3n h\u01a1n: \u201cKhi x\u01b0a Tr\u1ecdng Ni m\u1ea5t, b\u1ecdn h\u1ecdc tr\u00f2 nh\u01b0 Tr\u1ecdng Cung truy lu\u1eadn l\u1eddi phu t\u1eed, g\u1ecdi l\u00e0 Lu\u1eadn ng\u1eef\u201d.<\/p>\n<p>V\u1ec1 chi\u1ec1u s\u00e2u c\u1ee7a t\u00e1c ph\u1ea9m, Tr\u00ecnh Di \u0111\u1eddi T\u1ed1ng n\u00f3i: \u201cDi n\u00e0y \u0111\u1ecdc Lu\u1eadn ng\u1eef t\u1eeb n\u0103m m\u01b0\u1eddi b\u1ea3y, m\u01b0\u1eddi t\u00e1m tu\u1ed5i, b\u1ea5y gi\u1edd \u0111\u00e3 hi\u1ec3u th\u00f4ng c\u00e2u ch\u1eef. Nh\u01b0ng c\u00e0ng \u0111\u1ecdc l\u00e2u, c\u00e0ng nh\u1eadn th\u1ea5y \u00fd ngh\u0129a th\u1eadt s\u00e2u xa\u201d. V\u1eady n\u00ean: \u0111\u1ecdc Lu\u1eadn ng\u1eef, \u0111\u00f2i h\u1ecfi s\u1ef1 nghi\u1ec1n ng\u1eabm l\u00e2u d\u00e0i!<\/p>\n<p>4. M\u1ea1nh T\u1eed<\/p>\n<p>Ch\u00ed nguy\u1ec7n c\u1ee7a M\u1ea1nh T\u1eed l\u00e0 k\u1ebf nghi\u1ec7p Kh\u1ed5ng T\u1eed, do \u0111\u00f3 v\u1edbi ch\u1ebf \u0111\u1ed9 th\u1ed1ng tr\u1ecb \u0111\u01b0\u01a1ng th\u1eddi, th\u00e1i \u0111\u1ed9 c\u1ee7a \u00f4ng c\u01a1 b\u1ea3n l\u00e0 \u1ee7ng h\u1ed9. Tuy M\u1ea1nh T\u1eed \u1ee7ng h\u1ed9 ch\u1ebf \u0111\u1ed9 nh\u00e0 Chu, nh\u01b0ng quan \u0111i\u1ec3m c\u0103n b\u1ea3n v\u1ec1 ch\u00ednh tr\u1ecb, v\u1ec1 kinh t\u1ebf th\u00ec r\u1ea5t kh\u00e1c v\u1edbi quan \u0111i\u1ec3m truy\u1ec1n th\u1ed1ng. Theo quan \u0111i\u1ec3m truy\u1ec1n th\u1ed1ng, t\u1ea5t c\u1ea3 ch\u1ebf \u0111\u1ed9 ch\u00ednh tr\u1ecb v\u00e0 kinh t\u1ebf \u0111\u01b0\u1ee3c \u0111\u1eb7t ra v\u00ec qu\u00fd t\u1ed9c. Theo quan \u0111i\u1ec3m c\u1ee7a M\u1ea1nh T\u1eed th\u00ec t\u1ea5t c\u1ea3 \u0111\u01b0\u1ee3c \u0111\u1eb7t ra v\u00ec nh\u00e2n d\u00e2n. Quan \u0111i\u1ec3m t\u1ea5t c\u1ea3 \u0111\u01b0\u1ee3c \u0111\u1eb7t ra v\u00ec nh\u00e2n d\u00e2n l\u00e0 t\u01b0 t\u01b0\u1edfng c\u0103n b\u1ea3n v\u1ec1 tri\u1ebft h\u1ecdc ch\u00ednh tr\u1ecb v\u00e0 tri\u1ebft h\u1ecdc x\u00e3 h\u1ed9i c\u1ee7a M\u1ea1nh T\u1eed.<\/p>\n<p>M\u1ea1nh T\u1eed cho r\u1eb1ng t\u1ea5t c\u1ea3 ch\u1ebf \u0111\u1ed9 ch\u00ednh tr\u1ecb v\u00e0 kinh t\u1ebf \u0111\u1eb7t ra \u0111\u1ec1u v\u00ec d\u00e2n, n\u00ean trong thi\u00ean T\u1eadn t\u00e2m &#8211; h\u1ea1, \u00f4ng n\u00f3i: D\u00e2n qu\u00fd nh\u1ea5t, th\u1ee9 n\u1eefa l\u00e0 x\u00e3 t\u1eafc, cu\u1ed1i c\u00f9ng m\u1edbi \u0111\u1ebfn vua. Cho n\u00ean: \u0111\u01b0\u1ee3c l\u00f2ng d\u00e2n th\u00ec l\u00e0m thi\u00ean t\u1eed, \u0111\u01b0\u1ee3c l\u00f2ng thi\u00ean t\u1eed th\u00ec l\u00e0m ch\u01b0 h\u1ea7u, \u0111\u01b0\u1ee3c l\u00f2ng ch\u01b0 h\u1ea7u th\u00ec l\u00e0m \u0111\u1ea1i phu.<\/p>\n<p>M\u1ea1nh T\u1eed v\u1eabn ch\u1ee7 tr\u01b0\u01a1ng duy tr\u00ec thi\u00ean t\u1eed, ch\u01b0 h\u1ea7u, \u0111\u1ea1i phu, nh\u1eefng ng\u01b0\u1eddi tr\u1ecb d\u00e2n n\u00e0y t\u1ed3n t\u1ea1i, nh\u01b0 \u201cnh\u00e0 Chu ban t\u01b0\u1edbc l\u1ed9c\u201d; nh\u01b0ng l\u00fd do \u0111\u1ec3 nh\u1eefng ng\u01b0\u1eddi tr\u1ecb d\u00e2n t\u1ed3n t\u1ea1i, ho\u00e0n to\u00e0n l\u00e0 b\u1edfi \u201c\u0111\u01b0\u1ee3c l\u00f2ng d\u00e2n\u201d. N\u1ebfu k\u1ebb g\u1ecdi l\u00e0 vua kh\u00f4ng \u0111\u01b0\u1ee3c l\u00f2ng d\u00e2n th\u00ec s\u1ebd \u0111\u00e1nh m\u1ea5t \u0111i l\u00fd do \u0111\u1ec3 m\u00ecnh tr\u1edf th\u00e0nh vua, t\u1ee9c kh\u00f4ng c\u00f2n l\u00e0 vua n\u1eefa. Tuy M\u1ea1nh T\u1eed v\u1eabn cho r\u1eb1ng trong x\u00e3 h\u1ed9i v\u1eabn n\u00ean c\u00f3 qu\u00e2n t\u1eed v\u1edbi b\u00ecnh d\u00e2n, n\u00ean ph\u00e2n bi\u1ec7t k\u1ebb tr\u1ecb ng\u01b0\u1eddi v\u1edbi ng\u01b0\u1eddi b\u1ecb tr\u1ecb, nh\u01b0ng s\u1ef1 ph\u00e2n bi\u1ec7t n\u00e0y ho\u00e0n to\u00e0n v\u00ec m\u1ee5c \u0111\u00edch ph\u00e2n c\u00f4ng \u0111\u1ec3 h\u1ed7 tr\u1ee3 l\u1eabn nhau.<\/p>\n<p><img fetchpriority=\"high\" decoding=\"async\" class=\" wp-image-9396 aligncenter\" src=\"https:\/\/sachkhaitam.store\/wp-content\/uploads\/2025\/07\/9023cfa81674492bafeb11bb79260a4ftplv-o3syd03w52-origin-jpeg-300x300.jpeg\" alt=\"\" width=\"487\" height=\"487\" srcset=\"https:\/\/sachkhaitam.store\/wp-content\/uploads\/2025\/07\/9023cfa81674492bafeb11bb79260a4ftplv-o3syd03w52-origin-jpeg-300x300.jpeg 300w, https:\/\/sachkhaitam.store\/wp-content\/uploads\/2025\/07\/9023cfa81674492bafeb11bb79260a4ftplv-o3syd03w52-origin-jpeg-150x150.jpeg 150w, https:\/\/sachkhaitam.store\/wp-content\/uploads\/2025\/07\/9023cfa81674492bafeb11bb79260a4ftplv-o3syd03w52-origin-jpeg-768x768.jpeg 768w, https:\/\/sachkhaitam.store\/wp-content\/uploads\/2025\/07\/9023cfa81674492bafeb11bb79260a4ftplv-o3syd03w52-origin-jpeg-450x450.jpeg 450w, https:\/\/sachkhaitam.store\/wp-content\/uploads\/2025\/07\/9023cfa81674492bafeb11bb79260a4ftplv-o3syd03w52-origin-jpeg-800x800.jpeg 800w, https:\/\/sachkhaitam.store\/wp-content\/uploads\/2025\/07\/9023cfa81674492bafeb11bb79260a4ftplv-o3syd03w52-origin-jpeg-100x100.jpeg 100w, https:\/\/sachkhaitam.store\/wp-content\/uploads\/2025\/07\/9023cfa81674492bafeb11bb79260a4ftplv-o3syd03w52-origin-jpeg-50x50.jpeg 50w, https:\/\/sachkhaitam.store\/wp-content\/uploads\/2025\/07\/9023cfa81674492bafeb11bb79260a4ftplv-o3syd03w52-origin-jpeg-460x460.jpeg 460w, https:\/\/sachkhaitam.store\/wp-content\/uploads\/2025\/07\/9023cfa81674492bafeb11bb79260a4ftplv-o3syd03w52-origin-jpeg.jpeg 981w\" sizes=\"(max-width: 487px) 100vw, 487px\" \/><\/td>\n<\/tr>\n<\/tbody>\n<\/table>\n","protected":false},"excerpt":{"rendered":"<ul>\n<li>T\u00ean s\u1ea3n ph\u1ea9m: Combo 4 Cu\u1ed1n T\u1ee9 Th\u01b0 + \u0110\u1ea1i H\u1ecdc + Lu\u1eadn Ng\u1eef + Trung Dung + M\u1ea1nh T\u1eed<\/li>\n<li>T\u00e1c gi\u1ea3: M\u1eb7c Am<\/li>\n<li>Nh\u00e0 xu\u1ea5t b\u1ea3n: Nh\u00e0 Xu\u1ea5t B\u1ea3n V\u0103n H\u1ecdc<\/li>\n<li>Lo\u1ea1i b\u00eca: B\u00eca m\u1ec1m<\/li>\n<li>Nh\u00e0 ph\u00e1t h\u00e0nh: C\u00f4ng ty CP Sbooks<\/li>\n<li>K\u00edch th\u01b0\u1edbc s\u1ea3n ph\u1ea9m: 13x20cm<\/li>\n<li>S\u1ed1 trang: 1004<\/li>\n<\/ul>\n","protected":false},"featured_media":9399,"comment_status":"open","ping_status":"closed","template":"","meta":[],"product_cat":[101,102],"product_tag":[152,153],"class_list":{"0":"post-9391","1":"product","2":"type-product","3":"status-publish","4":"has-post-thumbnail","6":"product_cat-kien-thuc-tong-hop","7":"product_cat-van-hoa-lich-su","8":"product_tag-boxset-tu-thu-4-cuon","9":"product_tag-tu-thu-4-cuon","11":"first","12":"instock","13":"shipping-taxable","14":"purchasable","15":"product-type-simple"},"yoast_head":"<!-- This site is optimized with the Yoast SEO plugin v25.3 - https:\/\/yoast.com\/wordpress\/plugins\/seo\/ -->\n<title>BOXSET T\u1ee8 TH\u01af (4 cu\u1ed1n) - sachkhaitam.store<\/title>\n<meta name=\"robots\" content=\"index, follow, max-snippet:-1, max-image-preview:large, max-video-preview:-1\" \/>\n<link rel=\"canonical\" href=\"https:\/\/sachkhaitam.store\/index.php\/product\/boxset-tu-thu-4-cuon-sach-khai-tam\/\" \/>\n<meta property=\"og:locale\" content=\"vi_VN\" \/>\n<meta property=\"og:type\" content=\"article\" \/>\n<meta property=\"og:title\" content=\"BOXSET T\u1ee8 TH\u01af (4 cu\u1ed1n) - sachkhaitam.store\" \/>\n<meta property=\"og:description\" content=\"T\u00ean s\u1ea3n ph\u1ea9m: Combo 4 Cu\u1ed1n T\u1ee9 Th\u01b0 + \u0110\u1ea1i H\u1ecdc + Lu\u1eadn Ng\u1eef + Trung Dung + M\u1ea1nh T\u1eed  T\u00e1c gi\u1ea3: M\u1eb7c Am  Nh\u00e0 xu\u1ea5t b\u1ea3n: Nh\u00e0 Xu\u1ea5t B\u1ea3n V\u0103n H\u1ecdc  Lo\u1ea1i b\u00eca: B\u00eca m\u1ec1m  Nh\u00e0 ph\u00e1t h\u00e0nh: C\u00f4ng ty CP Sbooks  K\u00edch th\u01b0\u1edbc s\u1ea3n ph\u1ea9m: 13x20cm  S\u1ed1 trang: 1004\" \/>\n<meta property=\"og:url\" content=\"https:\/\/sachkhaitam.store\/index.php\/product\/boxset-tu-thu-4-cuon-sach-khai-tam\/\" \/>\n<meta property=\"og:site_name\" content=\"sachkhaitam.store\" \/>\n<meta property=\"article:modified_time\" content=\"2025-07-31T06:34:11+00:00\" \/>\n<meta property=\"og:image\" content=\"https:\/\/sachkhaitam.store\/wp-content\/uploads\/2025\/07\/Thiet-ke-chua-co-ten.png\" \/>\n\t<meta property=\"og:image:width\" content=\"1200\" \/>\n\t<meta property=\"og:image:height\" content=\"1200\" \/>\n\t<meta property=\"og:image:type\" content=\"image\/png\" \/>\n<meta name=\"twitter:card\" content=\"summary_large_image\" \/>\n<meta name=\"twitter:label1\" content=\"\u01af\u1edbc t\u00ednh th\u1eddi gian \u0111\u1ecdc\" \/>\n\t<meta name=\"twitter:data1\" content=\"7 ph\u00fat\" \/>\n<script type=\"application\/ld+json\" class=\"yoast-schema-graph\">{\"@context\":\"https:\/\/schema.org\",\"@graph\":[{\"@type\":\"WebPage\",\"@id\":\"https:\/\/sachkhaitam.store\/index.php\/product\/boxset-tu-thu-4-cuon-sach-khai-tam\/\",\"url\":\"https:\/\/sachkhaitam.store\/index.php\/product\/boxset-tu-thu-4-cuon-sach-khai-tam\/\",\"name\":\"BOXSET T\u1ee8 TH\u01af (4 cu\u1ed1n) - sachkhaitam.store\",\"isPartOf\":{\"@id\":\"https:\/\/sachkhaitam.store\/#website\"},\"primaryImageOfPage\":{\"@id\":\"https:\/\/sachkhaitam.store\/index.php\/product\/boxset-tu-thu-4-cuon-sach-khai-tam\/#primaryimage\"},\"image\":{\"@id\":\"https:\/\/sachkhaitam.store\/index.php\/product\/boxset-tu-thu-4-cuon-sach-khai-tam\/#primaryimage\"},\"thumbnailUrl\":\"https:\/\/sachkhaitam.store\/wp-content\/uploads\/2025\/07\/Thiet-ke-chua-co-ten.png\",\"datePublished\":\"2025-07-31T06:34:06+00:00\",\"dateModified\":\"2025-07-31T06:34:11+00:00\",\"breadcrumb\":{\"@id\":\"https:\/\/sachkhaitam.store\/index.php\/product\/boxset-tu-thu-4-cuon-sach-khai-tam\/#breadcrumb\"},\"inLanguage\":\"vi\",\"potentialAction\":[{\"@type\":\"ReadAction\",\"target\":[\"https:\/\/sachkhaitam.store\/index.php\/product\/boxset-tu-thu-4-cuon-sach-khai-tam\/\"]}]},{\"@type\":\"ImageObject\",\"inLanguage\":\"vi\",\"@id\":\"https:\/\/sachkhaitam.store\/index.php\/product\/boxset-tu-thu-4-cuon-sach-khai-tam\/#primaryimage\",\"url\":\"https:\/\/sachkhaitam.store\/wp-content\/uploads\/2025\/07\/Thiet-ke-chua-co-ten.png\",\"contentUrl\":\"https:\/\/sachkhaitam.store\/wp-content\/uploads\/2025\/07\/Thiet-ke-chua-co-ten.png\",\"width\":1200,\"height\":1200},{\"@type\":\"BreadcrumbList\",\"@id\":\"https:\/\/sachkhaitam.store\/index.php\/product\/boxset-tu-thu-4-cuon-sach-khai-tam\/#breadcrumb\",\"itemListElement\":[{\"@type\":\"ListItem\",\"position\":1,\"name\":\"Trang ch\u1ee7\",\"item\":\"https:\/\/sachkhaitam.store\/\"},{\"@type\":\"ListItem\",\"position\":2,\"name\":\"Shop\",\"item\":\"https:\/\/sachkhaitam.store\/index.php\/shop\/\"},{\"@type\":\"ListItem\",\"position\":3,\"name\":\"BOXSET T\u1ee8 TH\u01af (4 cu\u1ed1n)\"}]},{\"@type\":\"WebSite\",\"@id\":\"https:\/\/sachkhaitam.store\/#website\",\"url\":\"https:\/\/sachkhaitam.store\/\",\"name\":\"sachkhaitam.store\",\"description\":\"sachkhaitam\",\"publisher\":{\"@id\":\"https:\/\/sachkhaitam.store\/#organization\"},\"potentialAction\":[{\"@type\":\"SearchAction\",\"target\":{\"@type\":\"EntryPoint\",\"urlTemplate\":\"https:\/\/sachkhaitam.store\/?s={search_term_string}\"},\"query-input\":{\"@type\":\"PropertyValueSpecification\",\"valueRequired\":true,\"valueName\":\"search_term_string\"}}],\"inLanguage\":\"vi\"},{\"@type\":\"Organization\",\"@id\":\"https:\/\/sachkhaitam.store\/#organization\",\"name\":\"sachkhaitam.store\",\"url\":\"https:\/\/sachkhaitam.store\/\",\"logo\":{\"@type\":\"ImageObject\",\"inLanguage\":\"vi\",\"@id\":\"https:\/\/sachkhaitam.store\/#\/schema\/logo\/image\/\",\"url\":\"https:\/\/sachkhaitam.store\/wp-content\/uploads\/2025\/07\/SACH-KHAI-TAM-01-1.svg\",\"contentUrl\":\"https:\/\/sachkhaitam.store\/wp-content\/uploads\/2025\/07\/SACH-KHAI-TAM-01-1.svg\",\"width\":900,\"height\":900,\"caption\":\"sachkhaitam.store\"},\"image\":{\"@id\":\"https:\/\/sachkhaitam.store\/#\/schema\/logo\/image\/\"}}]}<\/script>\n<!-- \/ Yoast SEO plugin. -->","yoast_head_json":{"title":"BOXSET T\u1ee8 TH\u01af (4 cu\u1ed1n) - sachkhaitam.store","robots":{"index":"index","follow":"follow","max-snippet":"max-snippet:-1","max-image-preview":"max-image-preview:large","max-video-preview":"max-video-preview:-1"},"canonical":"https:\/\/sachkhaitam.store\/index.php\/product\/boxset-tu-thu-4-cuon-sach-khai-tam\/","og_locale":"vi_VN","og_type":"article","og_title":"BOXSET T\u1ee8 TH\u01af (4 cu\u1ed1n) - sachkhaitam.store","og_description":"T\u00ean s\u1ea3n ph\u1ea9m: Combo 4 Cu\u1ed1n T\u1ee9 Th\u01b0 + \u0110\u1ea1i H\u1ecdc + Lu\u1eadn Ng\u1eef + Trung Dung + M\u1ea1nh T\u1eed  T\u00e1c gi\u1ea3: M\u1eb7c Am  Nh\u00e0 xu\u1ea5t b\u1ea3n: Nh\u00e0 Xu\u1ea5t B\u1ea3n V\u0103n H\u1ecdc  Lo\u1ea1i b\u00eca: B\u00eca m\u1ec1m  Nh\u00e0 ph\u00e1t h\u00e0nh: C\u00f4ng ty CP Sbooks  K\u00edch th\u01b0\u1edbc s\u1ea3n ph\u1ea9m: 13x20cm  S\u1ed1 trang: 1004","og_url":"https:\/\/sachkhaitam.store\/index.php\/product\/boxset-tu-thu-4-cuon-sach-khai-tam\/","og_site_name":"sachkhaitam.store","article_modified_time":"2025-07-31T06:34:11+00:00","og_image":[{"width":1200,"height":1200,"url":"https:\/\/sachkhaitam.store\/wp-content\/uploads\/2025\/07\/Thiet-ke-chua-co-ten.png","type":"image\/png"}],"twitter_card":"summary_large_image","twitter_misc":{"\u01af\u1edbc t\u00ednh th\u1eddi gian \u0111\u1ecdc":"7 ph\u00fat"},"schema":{"@context":"https:\/\/schema.org","@graph":[{"@type":"WebPage","@id":"https:\/\/sachkhaitam.store\/index.php\/product\/boxset-tu-thu-4-cuon-sach-khai-tam\/","url":"https:\/\/sachkhaitam.store\/index.php\/product\/boxset-tu-thu-4-cuon-sach-khai-tam\/","name":"BOXSET T\u1ee8 TH\u01af (4 cu\u1ed1n) - sachkhaitam.store","isPartOf":{"@id":"https:\/\/sachkhaitam.store\/#website"},"primaryImageOfPage":{"@id":"https:\/\/sachkhaitam.store\/index.php\/product\/boxset-tu-thu-4-cuon-sach-khai-tam\/#primaryimage"},"image":{"@id":"https:\/\/sachkhaitam.store\/index.php\/product\/boxset-tu-thu-4-cuon-sach-khai-tam\/#primaryimage"},"thumbnailUrl":"https:\/\/sachkhaitam.store\/wp-content\/uploads\/2025\/07\/Thiet-ke-chua-co-ten.png","datePublished":"2025-07-31T06:34:06+00:00","dateModified":"2025-07-31T06:34:11+00:00","breadcrumb":{"@id":"https:\/\/sachkhaitam.store\/index.php\/product\/boxset-tu-thu-4-cuon-sach-khai-tam\/#breadcrumb"},"inLanguage":"vi","potentialAction":[{"@type":"ReadAction","target":["https:\/\/sachkhaitam.store\/index.php\/product\/boxset-tu-thu-4-cuon-sach-khai-tam\/"]}]},{"@type":"ImageObject","inLanguage":"vi","@id":"https:\/\/sachkhaitam.store\/index.php\/product\/boxset-tu-thu-4-cuon-sach-khai-tam\/#primaryimage","url":"https:\/\/sachkhaitam.store\/wp-content\/uploads\/2025\/07\/Thiet-ke-chua-co-ten.png","contentUrl":"https:\/\/sachkhaitam.store\/wp-content\/uploads\/2025\/07\/Thiet-ke-chua-co-ten.png","width":1200,"height":1200},{"@type":"BreadcrumbList","@id":"https:\/\/sachkhaitam.store\/index.php\/product\/boxset-tu-thu-4-cuon-sach-khai-tam\/#breadcrumb","itemListElement":[{"@type":"ListItem","position":1,"name":"Trang ch\u1ee7","item":"https:\/\/sachkhaitam.store\/"},{"@type":"ListItem","position":2,"name":"Shop","item":"https:\/\/sachkhaitam.store\/index.php\/shop\/"},{"@type":"ListItem","position":3,"name":"BOXSET T\u1ee8 TH\u01af (4 cu\u1ed1n)"}]},{"@type":"WebSite","@id":"https:\/\/sachkhaitam.store\/#website","url":"https:\/\/sachkhaitam.store\/","name":"sachkhaitam.store","description":"sachkhaitam","publisher":{"@id":"https:\/\/sachkhaitam.store\/#organization"},"potentialAction":[{"@type":"SearchAction","target":{"@type":"EntryPoint","urlTemplate":"https:\/\/sachkhaitam.store\/?s={search_term_string}"},"query-input":{"@type":"PropertyValueSpecification","valueRequired":true,"valueName":"search_term_string"}}],"inLanguage":"vi"},{"@type":"Organization","@id":"https:\/\/sachkhaitam.store\/#organization","name":"sachkhaitam.store","url":"https:\/\/sachkhaitam.store\/","logo":{"@type":"ImageObject","inLanguage":"vi","@id":"https:\/\/sachkhaitam.store\/#\/schema\/logo\/image\/","url":"https:\/\/sachkhaitam.store\/wp-content\/uploads\/2025\/07\/SACH-KHAI-TAM-01-1.svg","contentUrl":"https:\/\/sachkhaitam.store\/wp-content\/uploads\/2025\/07\/SACH-KHAI-TAM-01-1.svg","width":900,"height":900,"caption":"sachkhaitam.store"},"image":{"@id":"https:\/\/sachkhaitam.store\/#\/schema\/logo\/image\/"}}]}},"jetpack_sharing_enabled":true,"_links":{"self":[{"href":"https:\/\/sachkhaitam.store\/index.php\/wp-json\/wp\/v2\/product\/9391","targetHints":{"allow":["GET"]}}],"collection":[{"href":"https:\/\/sachkhaitam.store\/index.php\/wp-json\/wp\/v2\/product"}],"about":[{"href":"https:\/\/sachkhaitam.store\/index.php\/wp-json\/wp\/v2\/types\/product"}],"replies":[{"embeddable":true,"href":"https:\/\/sachkhaitam.store\/index.php\/wp-json\/wp\/v2\/comments?post=9391"}],"wp:featuredmedia":[{"embeddable":true,"href":"https:\/\/sachkhaitam.store\/index.php\/wp-json\/wp\/v2\/media\/9399"}],"wp:attachment":[{"href":"https:\/\/sachkhaitam.store\/index.php\/wp-json\/wp\/v2\/media?parent=9391"}],"wp:term":[{"taxonomy":"product_cat","embeddable":true,"href":"https:\/\/sachkhaitam.store\/index.php\/wp-json\/wp\/v2\/product_cat?post=9391"},{"taxonomy":"product_tag","embeddable":true,"href":"https:\/\/sachkhaitam.store\/index.php\/wp-json\/wp\/v2\/product_tag?post=9391"}],"curies":[{"name":"wp","href":"https:\/\/api.w.org\/{rel}","templated":true}]}}