{"id":9284,"date":"2025-07-28T11:16:50","date_gmt":"2025-07-28T11:16:50","guid":{"rendered":"https:\/\/sachkhaitam.store\/?post_type=product&#038;p=9284"},"modified":"2025-07-28T11:16:51","modified_gmt":"2025-07-28T11:16:51","slug":"tu-duy-mo-sach-khai-tam","status":"publish","type":"product","link":"https:\/\/sachkhaitam.store\/index.php\/product\/tu-duy-mo-sach-khai-tam\/","title":{"rendered":"T\u01af DUY M\u1ede"},"content":{"rendered":"<table width=\"231\">\n<tbody>\n<tr>\n<td width=\"231\">Con ng\u01b0\u1eddi \u0111ang s\u1ed1ng trong th\u1eddi \u0111\u1ea1i c\u00f4ng ngh\u1ec7, khi m\u1ecdi th\u1ee9 thay \u0111\u1ed5i ch\u00f3ng m\u1eb7t, \u0111i\u1ec1u \u0111\u00f3 \u0111\u00f2i h\u1ecfi ch\u00fang ta ph\u1ea3i linh ho\u1ea1t trong c\u00e1ch t\u01b0 duy \u0111\u1ec3 b\u1eaft k\u1ecbp xu h\u01b0\u1edbng to\u00e0n c\u1ea7u. Hay n\u00f3i c\u00e1ch kh\u00e1c, ch\u00fang ta c\u1ea7n c\u00f3 m\u1ed9t t\u01b0 duy m\u1edf \u0111\u1ec3 \u0111\u00f3n nh\u1eadn v\u00e0 khai ph\u00e1 ki\u1ebfn th\u1ee9c m\u1edbi, b\u1edfi n\u1ebfu ch\u00fang ta c\u1ee9 kh\u0103ng kh\u0103ng gi\u1eef \u0111\u1ecbnh ki\u1ebfn c\u1ee7a m\u00ecnh th\u00ec s\u1ef1 ph\u00e1t tri\u1ec3n s\u1ebd \u0111i v\u00e0o ng\u00f5 c\u1ee5t.<\/p>\n<p>C\u1ee5 th\u1ec3 h\u01a1n, ng\u01b0\u1eddi c\u00f3 t\u01b0 duy m\u1edf tin r\u1eb1ng ch\u1ec9 c\u1ea7n h\u1ecd n\u1ed7 l\u1ef1c, thay \u0111\u1ed5i l\u00e0 c\u00f3 th\u1ec3 ti\u1ebfn b\u1ed9 h\u01a1n. H\u1ecd s\u1ebd vui v\u1ebb ch\u1ea5p nh\u1eadn th\u1eed th\u00e1ch, xem th\u1eed th\u00e1ch nh\u01b0 c\u01a1 h\u1ed9i \u0111\u1ec3 h\u1ecdc h\u1ecfi \u0111\u01b0\u1ee3c nh\u1eefng \u0111i\u1ec1u hay c\u00e1i m\u1edbi. Khi \u0111\u1ed1i m\u1eb7t v\u1edbi kh\u00f3 kh\u0103n hay kh\u00f4ng th\u00e0nh c\u00f4ng, ng\u01b0\u1eddi c\u00f3 t\u01b0 duy m\u1edf th\u01b0\u1eddng c\u00f3 th\u00e1i \u0111\u1ed9: \u201cC\u00e1ch n\u00e0y kh\u00f4ng hi\u1ec7u qu\u1ea3, v\u1eady m\u00ecnh th\u1eed c\u00e1ch kh\u00e1c\u201d. \u0110\u1ed1i v\u1edbi h\u1ecd, th\u1ea5t b\u1ea1i ch\u1ec9 l\u00e0 b\u00e0i h\u1ecdc gi\u00fap h\u1ecd ho\u00e0n h\u1ea3o h\u01a1n tr\u00ean con \u0111\u01b0\u1eddng kh\u1eb3ng \u0111\u1ecbnh b\u1ea3n th\u00e2n v\u00e0 ph\u00e1t tri\u1ec3n s\u1ef1 nghi\u1ec7p.<\/p>\n<p>V\u1eady l\u00e0m th\u1ebf n\u00e0o \u0111\u1ec3 bi\u1ebft \u0111\u01b0\u1ee3c ch\u00fang ta \u0111ang c\u00f3 lo\u1ea1i t\u01b0 duy n\u00e0o, \u0111\u00f3ng hay m\u1edf? V\u00e0 l\u00e0m th\u1ebf n\u00e0o ch\u00fang ta nh\u1eadn ra ch\u00fang?<\/p>\n<p>Nh\u01b0ng l\u00e0m th\u1ebf n\u00e0o \u0111\u1ec3 c\u00f3 \u0111\u01b0\u1ee3c t\u01b0 duy m\u1edf?<\/p>\n<p>V\u00e0 t\u01b0 duy m\u1edf g\u00f3p ph\u1ea7n v\u00e0o cu\u1ed9c s\u1ed1ng c\u1ee7a ch\u00fang ta th\u1ebf n\u00e0o?<\/p>\n<p>Khi b\u1ea1n \u0111\u1eb7t ra nh\u1eefng c\u00e2u h\u1ecfi \u0111\u00f3 th\u00ec cu\u1ed1n s\u00e1ch n\u00e0y sinh ra \u0111\u1ec3 d\u00e0nh cho b\u1ea1n. Cu\u1ed1n s\u00e1ch \u0111\u01b0\u1ee3c bi\u00ean so\u1ea1n d\u1ef1a tr\u00ean s\u1ef1 h\u1ecdc t\u1eadp v\u00e0 nghi\u00ean c\u1ee9u t\u00e0i li\u1ec7u trong v\u00e0 ngo\u00e0i n\u01b0\u1edbc c\u0169ng nh\u01b0 t\u1eeb nh\u1eefng tr\u1ea3i nghi\u1ec7m c\u1ee7a b\u1ea3n th\u00e2n t\u00e1c gi\u1ea3 s\u1ebd mang l\u1ea1i cho b\u1ea1n nh\u1eefng gi\u00e1 tr\u1ecb h\u1eefu \u00edch c\u1ee7a t\u01b0 duy m\u1edf, gi\u00fap b\u1ea1n t\u1ef1 tin chinh ph\u1ee5c \u01b0\u1edbc m\u01a1, s\u1eb5n s\u00e0ng \u0111\u00f3n nh\u1eadn m\u1ecdi ch\u01b0\u1edbng ng\u1ea1i v\u00e0 lu\u00f4n n\u1edf n\u1ee5 c\u01b0\u1eddi h\u1ea1nh ph\u00fac.<\/p>\n<p><img fetchpriority=\"high\" decoding=\"async\" class=\" wp-image-9288 aligncenter\" src=\"https:\/\/sachkhaitam.store\/wp-content\/uploads\/2025\/07\/04_-1200_900-300x225.jpg\" alt=\"\" width=\"472\" height=\"354\" srcset=\"https:\/\/sachkhaitam.store\/wp-content\/uploads\/2025\/07\/04_-1200_900-300x225.jpg 300w, https:\/\/sachkhaitam.store\/wp-content\/uploads\/2025\/07\/04_-1200_900-1024x768.jpg 1024w, https:\/\/sachkhaitam.store\/wp-content\/uploads\/2025\/07\/04_-1200_900-768x576.jpg 768w, https:\/\/sachkhaitam.store\/wp-content\/uploads\/2025\/07\/04_-1200_900-450x338.jpg 450w, https:\/\/sachkhaitam.store\/wp-content\/uploads\/2025\/07\/04_-1200_900-800x600.jpg 800w, https:\/\/sachkhaitam.store\/wp-content\/uploads\/2025\/07\/04_-1200_900.jpg 1200w\" sizes=\"(max-width: 472px) 100vw, 472px\" \/><\/td>\n<\/tr>\n<\/tbody>\n<\/table>\n","protected":false},"excerpt":{"rendered":"<ul>\n<li>T\u00ean s\u1ea3n ph\u1ea9m: T\u01b0 Duy M\u1edf<\/li>\n<li>T\u00e1c gi\u1ea3\/D\u1ecbch gi\u1ea3: Nguy\u1ec5n Anh D\u0169ng<\/li>\n<li>Nh\u00e0 xu\u1ea5t b\u1ea3n: NXB D\u00e2n Tr\u00ed<\/li>\n<li>N\u0103m xu\u1ea5t b\u1ea3n: 2023<\/li>\n<li>Nh\u00e0 ph\u00e1t h\u00e0nh: C\u00f4ng ty CP SBOOKS<\/li>\n<li>K\u00edch th\u01b0\u1edbc s\u1ea3n ph\u1ea9m: 20x13x2 (cm)<\/li>\n<li>S\u1ed1 trang: 208<\/li>\n<li>H\u00ecnh th\u1ee9c b\u00eca: B\u00eca m\u1ec1m<\/li>\n<\/ul>\n","protected":false},"featured_media":9289,"comment_status":"open","ping_status":"closed","template":"","meta":[],"product_cat":[69,67],"product_tag":[114,113],"class_list":{"0":"post-9284","1":"product","2":"type-product","3":"status-publish","4":"has-post-thumbnail","6":"product_cat-huong-nghiep-phat-trien-ban-than","7":"product_cat-sach-danh-cho-gioi-tre","8":"product_tag-sach-tu-duy-mo","9":"product_tag-tu-duy-mo","11":"first","12":"instock","13":"shipping-taxable","14":"purchasable","15":"product-type-simple"},"yoast_head":"<!-- This site is optimized with the Yoast SEO plugin v25.3 - https:\/\/yoast.com\/wordpress\/plugins\/seo\/ -->\n<title>T\u01af DUY M\u1ede - sachkhaitam.store<\/title>\n<meta name=\"robots\" content=\"index, follow, max-snippet:-1, max-image-preview:large, max-video-preview:-1\" \/>\n<link rel=\"canonical\" href=\"https:\/\/sachkhaitam.store\/index.php\/product\/tu-duy-mo-sach-khai-tam\/\" \/>\n<meta property=\"og:locale\" content=\"vi_VN\" \/>\n<meta property=\"og:type\" content=\"article\" \/>\n<meta property=\"og:title\" content=\"T\u01af DUY M\u1ede - sachkhaitam.store\" \/>\n<meta property=\"og:description\" content=\"T\u00ean s\u1ea3n ph\u1ea9m: T\u01b0 Duy M\u1edf  T\u00e1c gi\u1ea3\/D\u1ecbch gi\u1ea3: Nguy\u1ec5n Anh D\u0169ng  Nh\u00e0 xu\u1ea5t b\u1ea3n: NXB D\u00e2n Tr\u00ed  N\u0103m xu\u1ea5t b\u1ea3n: 2023  Nh\u00e0 ph\u00e1t h\u00e0nh: C\u00f4ng ty CP SBOOKS  K\u00edch th\u01b0\u1edbc s\u1ea3n ph\u1ea9m: 20x13x2 (cm)  S\u1ed1 trang: 208  H\u00ecnh th\u1ee9c b\u00eca: B\u00eca m\u1ec1m\" \/>\n<meta property=\"og:url\" content=\"https:\/\/sachkhaitam.store\/index.php\/product\/tu-duy-mo-sach-khai-tam\/\" \/>\n<meta property=\"og:site_name\" content=\"sachkhaitam.store\" \/>\n<meta property=\"article:modified_time\" content=\"2025-07-28T11:16:51+00:00\" \/>\n<meta property=\"og:image\" content=\"https:\/\/sachkhaitam.store\/wp-content\/uploads\/2025\/07\/1200_1200-nen-trang.jpg\" \/>\n\t<meta property=\"og:image:width\" content=\"1200\" \/>\n\t<meta property=\"og:image:height\" content=\"1200\" \/>\n\t<meta property=\"og:image:type\" content=\"image\/jpeg\" \/>\n<meta name=\"twitter:card\" content=\"summary_large_image\" \/>\n<meta name=\"twitter:label1\" content=\"\u01af\u1edbc t\u00ednh th\u1eddi gian \u0111\u1ecdc\" \/>\n\t<meta name=\"twitter:data1\" content=\"3 ph\u00fat\" \/>\n<script type=\"application\/ld+json\" class=\"yoast-schema-graph\">{\"@context\":\"https:\/\/schema.org\",\"@graph\":[{\"@type\":\"WebPage\",\"@id\":\"https:\/\/sachkhaitam.store\/index.php\/product\/tu-duy-mo-sach-khai-tam\/\",\"url\":\"https:\/\/sachkhaitam.store\/index.php\/product\/tu-duy-mo-sach-khai-tam\/\",\"name\":\"T\u01af DUY M\u1ede - sachkhaitam.store\",\"isPartOf\":{\"@id\":\"https:\/\/sachkhaitam.store\/#website\"},\"primaryImageOfPage\":{\"@id\":\"https:\/\/sachkhaitam.store\/index.php\/product\/tu-duy-mo-sach-khai-tam\/#primaryimage\"},\"image\":{\"@id\":\"https:\/\/sachkhaitam.store\/index.php\/product\/tu-duy-mo-sach-khai-tam\/#primaryimage\"},\"thumbnailUrl\":\"https:\/\/sachkhaitam.store\/wp-content\/uploads\/2025\/07\/1200_1200-nen-trang.jpg\",\"datePublished\":\"2025-07-28T11:16:50+00:00\",\"dateModified\":\"2025-07-28T11:16:51+00:00\",\"breadcrumb\":{\"@id\":\"https:\/\/sachkhaitam.store\/index.php\/product\/tu-duy-mo-sach-khai-tam\/#breadcrumb\"},\"inLanguage\":\"vi\",\"potentialAction\":[{\"@type\":\"ReadAction\",\"target\":[\"https:\/\/sachkhaitam.store\/index.php\/product\/tu-duy-mo-sach-khai-tam\/\"]}]},{\"@type\":\"ImageObject\",\"inLanguage\":\"vi\",\"@id\":\"https:\/\/sachkhaitam.store\/index.php\/product\/tu-duy-mo-sach-khai-tam\/#primaryimage\",\"url\":\"https:\/\/sachkhaitam.store\/wp-content\/uploads\/2025\/07\/1200_1200-nen-trang.jpg\",\"contentUrl\":\"https:\/\/sachkhaitam.store\/wp-content\/uploads\/2025\/07\/1200_1200-nen-trang.jpg\",\"width\":1200,\"height\":1200},{\"@type\":\"BreadcrumbList\",\"@id\":\"https:\/\/sachkhaitam.store\/index.php\/product\/tu-duy-mo-sach-khai-tam\/#breadcrumb\",\"itemListElement\":[{\"@type\":\"ListItem\",\"position\":1,\"name\":\"Trang ch\u1ee7\",\"item\":\"https:\/\/sachkhaitam.store\/\"},{\"@type\":\"ListItem\",\"position\":2,\"name\":\"Shop\",\"item\":\"https:\/\/sachkhaitam.store\/index.php\/shop\/\"},{\"@type\":\"ListItem\",\"position\":3,\"name\":\"T\u01af DUY M\u1ede\"}]},{\"@type\":\"WebSite\",\"@id\":\"https:\/\/sachkhaitam.store\/#website\",\"url\":\"https:\/\/sachkhaitam.store\/\",\"name\":\"sachkhaitam.store\",\"description\":\"sachkhaitam\",\"publisher\":{\"@id\":\"https:\/\/sachkhaitam.store\/#organization\"},\"potentialAction\":[{\"@type\":\"SearchAction\",\"target\":{\"@type\":\"EntryPoint\",\"urlTemplate\":\"https:\/\/sachkhaitam.store\/?s={search_term_string}\"},\"query-input\":{\"@type\":\"PropertyValueSpecification\",\"valueRequired\":true,\"valueName\":\"search_term_string\"}}],\"inLanguage\":\"vi\"},{\"@type\":\"Organization\",\"@id\":\"https:\/\/sachkhaitam.store\/#organization\",\"name\":\"sachkhaitam.store\",\"url\":\"https:\/\/sachkhaitam.store\/\",\"logo\":{\"@type\":\"ImageObject\",\"inLanguage\":\"vi\",\"@id\":\"https:\/\/sachkhaitam.store\/#\/schema\/logo\/image\/\",\"url\":\"https:\/\/sachkhaitam.store\/wp-content\/uploads\/2025\/07\/SACH-KHAI-TAM-01-1.svg\",\"contentUrl\":\"https:\/\/sachkhaitam.store\/wp-content\/uploads\/2025\/07\/SACH-KHAI-TAM-01-1.svg\",\"width\":900,\"height\":900,\"caption\":\"sachkhaitam.store\"},\"image\":{\"@id\":\"https:\/\/sachkhaitam.store\/#\/schema\/logo\/image\/\"}}]}<\/script>\n<!-- \/ Yoast SEO plugin. -->","yoast_head_json":{"title":"T\u01af DUY M\u1ede - sachkhaitam.store","robots":{"index":"index","follow":"follow","max-snippet":"max-snippet:-1","max-image-preview":"max-image-preview:large","max-video-preview":"max-video-preview:-1"},"canonical":"https:\/\/sachkhaitam.store\/index.php\/product\/tu-duy-mo-sach-khai-tam\/","og_locale":"vi_VN","og_type":"article","og_title":"T\u01af DUY M\u1ede - sachkhaitam.store","og_description":"T\u00ean s\u1ea3n ph\u1ea9m: T\u01b0 Duy M\u1edf  T\u00e1c gi\u1ea3\/D\u1ecbch gi\u1ea3: Nguy\u1ec5n Anh D\u0169ng  Nh\u00e0 xu\u1ea5t b\u1ea3n: NXB D\u00e2n Tr\u00ed  N\u0103m xu\u1ea5t b\u1ea3n: 2023  Nh\u00e0 ph\u00e1t h\u00e0nh: C\u00f4ng ty CP SBOOKS  K\u00edch th\u01b0\u1edbc s\u1ea3n ph\u1ea9m: 20x13x2 (cm)  S\u1ed1 trang: 208  H\u00ecnh th\u1ee9c b\u00eca: B\u00eca m\u1ec1m","og_url":"https:\/\/sachkhaitam.store\/index.php\/product\/tu-duy-mo-sach-khai-tam\/","og_site_name":"sachkhaitam.store","article_modified_time":"2025-07-28T11:16:51+00:00","og_image":[{"width":1200,"height":1200,"url":"https:\/\/sachkhaitam.store\/wp-content\/uploads\/2025\/07\/1200_1200-nen-trang.jpg","type":"image\/jpeg"}],"twitter_card":"summary_large_image","twitter_misc":{"\u01af\u1edbc t\u00ednh th\u1eddi gian \u0111\u1ecdc":"3 ph\u00fat"},"schema":{"@context":"https:\/\/schema.org","@graph":[{"@type":"WebPage","@id":"https:\/\/sachkhaitam.store\/index.php\/product\/tu-duy-mo-sach-khai-tam\/","url":"https:\/\/sachkhaitam.store\/index.php\/product\/tu-duy-mo-sach-khai-tam\/","name":"T\u01af DUY M\u1ede - sachkhaitam.store","isPartOf":{"@id":"https:\/\/sachkhaitam.store\/#website"},"primaryImageOfPage":{"@id":"https:\/\/sachkhaitam.store\/index.php\/product\/tu-duy-mo-sach-khai-tam\/#primaryimage"},"image":{"@id":"https:\/\/sachkhaitam.store\/index.php\/product\/tu-duy-mo-sach-khai-tam\/#primaryimage"},"thumbnailUrl":"https:\/\/sachkhaitam.store\/wp-content\/uploads\/2025\/07\/1200_1200-nen-trang.jpg","datePublished":"2025-07-28T11:16:50+00:00","dateModified":"2025-07-28T11:16:51+00:00","breadcrumb":{"@id":"https:\/\/sachkhaitam.store\/index.php\/product\/tu-duy-mo-sach-khai-tam\/#breadcrumb"},"inLanguage":"vi","potentialAction":[{"@type":"ReadAction","target":["https:\/\/sachkhaitam.store\/index.php\/product\/tu-duy-mo-sach-khai-tam\/"]}]},{"@type":"ImageObject","inLanguage":"vi","@id":"https:\/\/sachkhaitam.store\/index.php\/product\/tu-duy-mo-sach-khai-tam\/#primaryimage","url":"https:\/\/sachkhaitam.store\/wp-content\/uploads\/2025\/07\/1200_1200-nen-trang.jpg","contentUrl":"https:\/\/sachkhaitam.store\/wp-content\/uploads\/2025\/07\/1200_1200-nen-trang.jpg","width":1200,"height":1200},{"@type":"BreadcrumbList","@id":"https:\/\/sachkhaitam.store\/index.php\/product\/tu-duy-mo-sach-khai-tam\/#breadcrumb","itemListElement":[{"@type":"ListItem","position":1,"name":"Trang ch\u1ee7","item":"https:\/\/sachkhaitam.store\/"},{"@type":"ListItem","position":2,"name":"Shop","item":"https:\/\/sachkhaitam.store\/index.php\/shop\/"},{"@type":"ListItem","position":3,"name":"T\u01af DUY M\u1ede"}]},{"@type":"WebSite","@id":"https:\/\/sachkhaitam.store\/#website","url":"https:\/\/sachkhaitam.store\/","name":"sachkhaitam.store","description":"sachkhaitam","publisher":{"@id":"https:\/\/sachkhaitam.store\/#organization"},"potentialAction":[{"@type":"SearchAction","target":{"@type":"EntryPoint","urlTemplate":"https:\/\/sachkhaitam.store\/?s={search_term_string}"},"query-input":{"@type":"PropertyValueSpecification","valueRequired":true,"valueName":"search_term_string"}}],"inLanguage":"vi"},{"@type":"Organization","@id":"https:\/\/sachkhaitam.store\/#organization","name":"sachkhaitam.store","url":"https:\/\/sachkhaitam.store\/","logo":{"@type":"ImageObject","inLanguage":"vi","@id":"https:\/\/sachkhaitam.store\/#\/schema\/logo\/image\/","url":"https:\/\/sachkhaitam.store\/wp-content\/uploads\/2025\/07\/SACH-KHAI-TAM-01-1.svg","contentUrl":"https:\/\/sachkhaitam.store\/wp-content\/uploads\/2025\/07\/SACH-KHAI-TAM-01-1.svg","width":900,"height":900,"caption":"sachkhaitam.store"},"image":{"@id":"https:\/\/sachkhaitam.store\/#\/schema\/logo\/image\/"}}]}},"jetpack_sharing_enabled":true,"_links":{"self":[{"href":"https:\/\/sachkhaitam.store\/index.php\/wp-json\/wp\/v2\/product\/9284","targetHints":{"allow":["GET"]}}],"collection":[{"href":"https:\/\/sachkhaitam.store\/index.php\/wp-json\/wp\/v2\/product"}],"about":[{"href":"https:\/\/sachkhaitam.store\/index.php\/wp-json\/wp\/v2\/types\/product"}],"replies":[{"embeddable":true,"href":"https:\/\/sachkhaitam.store\/index.php\/wp-json\/wp\/v2\/comments?post=9284"}],"wp:featuredmedia":[{"embeddable":true,"href":"https:\/\/sachkhaitam.store\/index.php\/wp-json\/wp\/v2\/media\/9289"}],"wp:attachment":[{"href":"https:\/\/sachkhaitam.store\/index.php\/wp-json\/wp\/v2\/media?parent=9284"}],"wp:term":[{"taxonomy":"product_cat","embeddable":true,"href":"https:\/\/sachkhaitam.store\/index.php\/wp-json\/wp\/v2\/product_cat?post=9284"},{"taxonomy":"product_tag","embeddable":true,"href":"https:\/\/sachkhaitam.store\/index.php\/wp-json\/wp\/v2\/product_tag?post=9284"}],"curies":[{"name":"wp","href":"https:\/\/api.w.org\/{rel}","templated":true}]}}