{"id":9148,"date":"2025-07-20T16:42:47","date_gmt":"2025-07-20T16:42:47","guid":{"rendered":"https:\/\/sachkhaitam.store\/?post_type=product&#038;p=9148"},"modified":"2025-07-20T16:50:05","modified_gmt":"2025-07-20T16:50:05","slug":"tu-duy-nguoc-sach-khai-tam","status":"publish","type":"product","link":"https:\/\/sachkhaitam.store\/index.php\/product\/tu-duy-nguoc-sach-khai-tam\/","title":{"rendered":"T\u01af DUY NG\u01af\u1ee2C"},"content":{"rendered":"<table width=\"231\">\n<tbody>\n<tr>\n<td width=\"231\">T\u01af DUY NG\u01af\u1ee2C<br \/>\nCh\u00fang ta th\u1ef1c s\u1ef1 c\u00f3 h\u1ea1nh ph\u00fac kh\u00f4ng? Ch\u00fang ta c\u00f3 \u0111ang s\u1ed1ng cu\u1ed9c \u0111\u1eddi m\u00ecnh kh\u00f4ng? Ch\u00fang ta c\u00f3 d\u00e1m d\u0169ng c\u1ea3m chi\u1ebfn th\u1eafng m\u1ecdi khu\u00f4n m\u1eabu, \u0111\u1ecbnh ki\u1ebfn, \u0111i ng\u01b0\u1ee3c \u0111\u00e1m \u0111\u00f4ng \u0111\u1ec3 kh\u1eb3ng \u0111\u1ecbnh b\u1ea3n s\u1eafc ri\u00eang c\u1ee7a m\u00ecnh kh\u00f4ng?. C\u00f3 bao gi\u1edd b\u1ea1n t\u1ef1 h\u1ecfi nh\u01b0 th\u1ebf, r\u1ed3i c\u00f3 c\u00e2u tr\u1ea3 l\u1eddi cho ch\u00ednh m\u00ecnh?T\u00f4i bi\u1ebft bi\u1ebft, kh\u00f4ng ph\u1ea3i ai c\u0169ng \u0111ang s\u1ed1ng cu\u1ed9c \u0111\u1eddi c\u1ee7a m\u00ecnh, kh\u00f4ng ph\u1ea3i ai c\u0169ng d\u00e1m v\u01b0\u1ee3t qua m\u1ecdi l\u1ed1i m\u00f2n \u0111\u1ec3 s\u00e1ng t\u1ea1o v\u00e0 th\u00e0nh c\u00f4ng\u2026 D\u1ef1a tr\u00ean vi\u1ec7c nghi\u00ean c\u1ee9u, t\u00ecm hi\u1ec3u, ch\u1eaft l\u1ecdc, t\u00ecm ki\u1ebfm, ghi ch\u00e9p t\u1eeb c\u00e1c c\u00e2u chuy\u1ec7n trong \u0111\u1eddi s\u1ed1ng, c\u0169ng nh\u01b0 tr\u1ea3i nghi\u1ec7m c\u1ee7a b\u1ea3n th\u00e2n, t\u00f4i vi\u1ebft cu\u1ed1n s\u00e1ch n\u00e0y.<\/p>\n<p>Cu\u1ed1n s\u00e1ch s\u1ebd gi\u1ea3i m\u00e3 b\u1ea1n l\u00e0 ai, b\u1ea1n c\u1ea7n t\u01b0 duy ng\u01b0\u1ee3c \u0111\u1ec3 th\u00e0nh c\u00f4ng v\u00e0 h\u1ea1nh ph\u00fac nh\u01b0 th\u1ebf n\u00e0o v\u00e0 c\u00e1c ph\u01b0\u01a1ng ph\u00e1p gi\u00fap b\u1ea1n d\u0169ng c\u1ea3m s\u1ed1ng cu\u1ed9c \u0111\u1eddi m\u00e0 b\u1ea1n mu\u1ed1n.<\/p>\n<p><img fetchpriority=\"high\" decoding=\"async\" class=\" wp-image-9150 aligncenter\" src=\"https:\/\/sachkhaitam.store\/wp-content\/uploads\/2025\/07\/Tu-duy-nguoc-Nguyen-Anh-Dung-Sbooks-2-300x225.jpg\" alt=\"\" width=\"688\" height=\"516\" srcset=\"https:\/\/sachkhaitam.store\/wp-content\/uploads\/2025\/07\/Tu-duy-nguoc-Nguyen-Anh-Dung-Sbooks-2-300x225.jpg 300w, https:\/\/sachkhaitam.store\/wp-content\/uploads\/2025\/07\/Tu-duy-nguoc-Nguyen-Anh-Dung-Sbooks-2-1024x768.jpg 1024w, https:\/\/sachkhaitam.store\/wp-content\/uploads\/2025\/07\/Tu-duy-nguoc-Nguyen-Anh-Dung-Sbooks-2-768x576.jpg 768w, https:\/\/sachkhaitam.store\/wp-content\/uploads\/2025\/07\/Tu-duy-nguoc-Nguyen-Anh-Dung-Sbooks-2-450x338.jpg 450w, https:\/\/sachkhaitam.store\/wp-content\/uploads\/2025\/07\/Tu-duy-nguoc-Nguyen-Anh-Dung-Sbooks-2-800x600.jpg 800w, https:\/\/sachkhaitam.store\/wp-content\/uploads\/2025\/07\/Tu-duy-nguoc-Nguyen-Anh-Dung-Sbooks-2.jpg 1200w\" sizes=\"(max-width: 688px) 100vw, 688px\" \/><\/p>\n<table style=\"height: 234px;\" width=\"838\">\n<tbody>\n<tr>\n<td width=\"231\">T\u01af DUY NG\u01af\u1ee2C<br \/>\nCh\u00fang ta th\u1ef1c s\u1ef1 c\u00f3 h\u1ea1nh ph\u00fac kh\u00f4ng? Ch\u00fang ta c\u00f3 \u0111ang s\u1ed1ng cu\u1ed9c \u0111\u1eddi m\u00ecnh kh\u00f4ng? Ch\u00fang ta c\u00f3 d\u00e1m d\u0169ng c\u1ea3m chi\u1ebfn th\u1eafng m\u1ecdi khu\u00f4n m\u1eabu, \u0111\u1ecbnh ki\u1ebfn, \u0111i ng\u01b0\u1ee3c \u0111\u00e1m \u0111\u00f4ng \u0111\u1ec3 kh\u1eb3ng \u0111\u1ecbnh b\u1ea3n s\u1eafc ri\u00eang c\u1ee7a m\u00ecnh kh\u00f4ng?. C\u00f3 bao gi\u1edd b\u1ea1n t\u1ef1 h\u1ecfi nh\u01b0 th\u1ebf, r\u1ed3i c\u00f3 c\u00e2u tr\u1ea3 l\u1eddi cho ch\u00ednh m\u00ecnh?T\u00f4i bi\u1ebft bi\u1ebft, kh\u00f4ng ph\u1ea3i ai c\u0169ng \u0111ang s\u1ed1ng cu\u1ed9c \u0111\u1eddi c\u1ee7a m\u00ecnh, kh\u00f4ng ph\u1ea3i ai c\u0169ng d\u00e1m v\u01b0\u1ee3t qua m\u1ecdi l\u1ed1i m\u00f2n \u0111\u1ec3 s\u00e1ng t\u1ea1o v\u00e0 th\u00e0nh c\u00f4ng\u2026 D\u1ef1a tr\u00ean vi\u1ec7c nghi\u00ean c\u1ee9u, t\u00ecm hi\u1ec3u, ch\u1eaft l\u1ecdc, t\u00ecm ki\u1ebfm, ghi ch\u00e9p t\u1eeb c\u00e1c c\u00e2u chuy\u1ec7n trong \u0111\u1eddi s\u1ed1ng, c\u0169ng nh\u01b0 tr\u1ea3i nghi\u1ec7m c\u1ee7a b\u1ea3n th\u00e2n, t\u00f4i vi\u1ebft cu\u1ed1n s\u00e1ch n\u00e0y.<\/p>\n<p>Cu\u1ed1n s\u00e1ch s\u1ebd gi\u1ea3i m\u00e3 b\u1ea1n l\u00e0 ai, b\u1ea1n c\u1ea7n t\u01b0 duy ng\u01b0\u1ee3c \u0111\u1ec3 th\u00e0nh c\u00f4ng v\u00e0 h\u1ea1nh ph\u00fac nh\u01b0 th\u1ebf n\u00e0o v\u00e0 c\u00e1c ph\u01b0\u01a1ng ph\u00e1p gi\u00fap b\u1ea1n d\u0169ng c\u1ea3m s\u1ed1ng cu\u1ed9c \u0111\u1eddi m\u00e0 b\u1ea1n mu\u1ed1n.<\/td>\n<\/tr>\n<\/tbody>\n<\/table>\n<\/td>\n<\/tr>\n<\/tbody>\n<\/table>\n","protected":false},"excerpt":{"rendered":"<ul>\n<li>T\u00ean s\u1ea3n ph\u1ea9m: T\u01b0 Duy Ng\u01b0\u1ee3c<\/li>\n<li>T\u00e1c gi\u1ea3\/D\u1ecbch gi\u1ea3: Nguy\u1ec5n Anh D\u0169ng<\/li>\n<li>Nh\u00e0 xu\u1ea5t b\u1ea3n: NXB Th\u1ebf Gi\u1edbi<\/li>\n<li>N\u0103m xu\u1ea5t b\u1ea3n: 2021<\/li>\n<li>Nh\u00e0 ph\u00e1t h\u00e0nh: C\u00f4ng ty CP Sbooks<\/li>\n<li>K\u00edch th\u01b0\u1edbc s\u1ea3n ph\u1ea9m: 13 x 20 (cm)<\/li>\n<li>S\u1ed1 trang: 244<\/li>\n<li>H\u00ecnh th\u1ee9c b\u00eca: B\u00eca m\u1ec1m<\/li>\n<\/ul>\n","protected":false},"featured_media":9149,"comment_status":"open","ping_status":"closed","template":"","meta":[],"product_cat":[68,67],"product_tag":[71,70],"class_list":{"0":"post-9148","1":"product","2":"type-product","3":"status-publish","4":"has-post-thumbnail","6":"product_cat-ky-nang-song","7":"product_cat-sach-danh-cho-gioi-tre","8":"product_tag-sach-tu-duy-nguoc","9":"product_tag-tu-duy-nguoc","11":"first","12":"instock","13":"shipping-taxable","14":"purchasable","15":"product-type-simple"},"yoast_head":"<!-- This site is optimized with the Yoast SEO plugin v25.3 - https:\/\/yoast.com\/wordpress\/plugins\/seo\/ -->\n<title>T\u01af DUY NG\u01af\u1ee2C - sachkhaitam.store<\/title>\n<meta name=\"description\" content=\"T\u01af DUY NG\u01af\u1ee2C-Ch\u00fang ta th\u1ef1c s\u1ef1 c\u00f3 h\u1ea1nh ph\u00fac kh\u00f4ng? Ch\u00fang ta c\u00f3 \u0111ang s\u1ed1ng cu\u1ed9c \u0111\u1eddi m\u00ecnh kh\u00f4ng? Ch\u00fang ta c\u00f3 d\u00e1m d\u0169ng c\u1ea3m chi\u1ebfn th\u1eafng m\u1ecdi khu\u00f4n m\u1eabu, \u0111\u1ecbnh ki\u1ebfn, \u0111i ng\u01b0\u1ee3c \u0111\u00e1m \u0111\u00f4ng \u0111\u1ec3 kh\u1eb3ng \u0111\u1ecbnh b\u1ea3n s\u1eafc ri\u00eang c\u1ee7a m\u00ecnh kh\u00f4ng?. C\u00f3 bao gi\u1edd b\u1ea1n t\u1ef1 h\u1ecfi nh\u01b0 th\u1ebf, r\u1ed3i c\u00f3 c\u00e2u tr\u1ea3 l\u1eddi cho ch\u00ednh m\u00ecnh?\" \/>\n<meta name=\"robots\" content=\"index, follow, max-snippet:-1, max-image-preview:large, max-video-preview:-1\" \/>\n<link rel=\"canonical\" href=\"https:\/\/sachkhaitam.store\/index.php\/product\/tu-duy-nguoc-sach-khai-tam\/\" \/>\n<meta property=\"og:locale\" content=\"vi_VN\" \/>\n<meta property=\"og:type\" content=\"article\" \/>\n<meta property=\"og:title\" content=\"T\u01af DUY NG\u01af\u1ee2C - sachkhaitam.store\" \/>\n<meta property=\"og:description\" content=\"T\u01af DUY NG\u01af\u1ee2C-Ch\u00fang ta th\u1ef1c s\u1ef1 c\u00f3 h\u1ea1nh ph\u00fac kh\u00f4ng? Ch\u00fang ta c\u00f3 \u0111ang s\u1ed1ng cu\u1ed9c \u0111\u1eddi m\u00ecnh kh\u00f4ng? Ch\u00fang ta c\u00f3 d\u00e1m d\u0169ng c\u1ea3m chi\u1ebfn th\u1eafng m\u1ecdi khu\u00f4n m\u1eabu, \u0111\u1ecbnh ki\u1ebfn, \u0111i ng\u01b0\u1ee3c \u0111\u00e1m \u0111\u00f4ng \u0111\u1ec3 kh\u1eb3ng \u0111\u1ecbnh b\u1ea3n s\u1eafc ri\u00eang c\u1ee7a m\u00ecnh kh\u00f4ng?. C\u00f3 bao gi\u1edd b\u1ea1n t\u1ef1 h\u1ecfi nh\u01b0 th\u1ebf, r\u1ed3i c\u00f3 c\u00e2u tr\u1ea3 l\u1eddi cho ch\u00ednh m\u00ecnh?\" \/>\n<meta property=\"og:url\" content=\"https:\/\/sachkhaitam.store\/index.php\/product\/tu-duy-nguoc-sach-khai-tam\/\" \/>\n<meta property=\"og:site_name\" content=\"sachkhaitam.store\" \/>\n<meta property=\"article:modified_time\" content=\"2025-07-20T16:50:05+00:00\" \/>\n<meta property=\"og:image\" content=\"https:\/\/sachkhaitam.store\/wp-content\/uploads\/2025\/07\/Tu-duy-nguoc-Nguyen-Anh-Dung-Sbooks-1.jpg\" \/>\n\t<meta property=\"og:image:width\" content=\"1200\" \/>\n\t<meta property=\"og:image:height\" content=\"1200\" \/>\n\t<meta property=\"og:image:type\" content=\"image\/jpeg\" \/>\n<meta name=\"twitter:card\" content=\"summary_large_image\" \/>\n<meta name=\"twitter:label1\" content=\"\u01af\u1edbc t\u00ednh th\u1eddi gian \u0111\u1ecdc\" \/>\n\t<meta name=\"twitter:data1\" content=\"3 ph\u00fat\" \/>\n<script type=\"application\/ld+json\" class=\"yoast-schema-graph\">{\"@context\":\"https:\/\/schema.org\",\"@graph\":[{\"@type\":\"WebPage\",\"@id\":\"https:\/\/sachkhaitam.store\/index.php\/product\/tu-duy-nguoc-sach-khai-tam\/\",\"url\":\"https:\/\/sachkhaitam.store\/index.php\/product\/tu-duy-nguoc-sach-khai-tam\/\",\"name\":\"T\u01af DUY NG\u01af\u1ee2C - sachkhaitam.store\",\"isPartOf\":{\"@id\":\"https:\/\/sachkhaitam.store\/#website\"},\"primaryImageOfPage\":{\"@id\":\"https:\/\/sachkhaitam.store\/index.php\/product\/tu-duy-nguoc-sach-khai-tam\/#primaryimage\"},\"image\":{\"@id\":\"https:\/\/sachkhaitam.store\/index.php\/product\/tu-duy-nguoc-sach-khai-tam\/#primaryimage\"},\"thumbnailUrl\":\"https:\/\/sachkhaitam.store\/wp-content\/uploads\/2025\/07\/Tu-duy-nguoc-Nguyen-Anh-Dung-Sbooks-1.jpg\",\"datePublished\":\"2025-07-20T16:42:47+00:00\",\"dateModified\":\"2025-07-20T16:50:05+00:00\",\"description\":\"T\u01af DUY NG\u01af\u1ee2C-Ch\u00fang ta th\u1ef1c s\u1ef1 c\u00f3 h\u1ea1nh ph\u00fac kh\u00f4ng? Ch\u00fang ta c\u00f3 \u0111ang s\u1ed1ng cu\u1ed9c \u0111\u1eddi m\u00ecnh kh\u00f4ng? Ch\u00fang ta c\u00f3 d\u00e1m d\u0169ng c\u1ea3m chi\u1ebfn th\u1eafng m\u1ecdi khu\u00f4n m\u1eabu, \u0111\u1ecbnh ki\u1ebfn, \u0111i ng\u01b0\u1ee3c \u0111\u00e1m \u0111\u00f4ng \u0111\u1ec3 kh\u1eb3ng \u0111\u1ecbnh b\u1ea3n s\u1eafc ri\u00eang c\u1ee7a m\u00ecnh kh\u00f4ng?. C\u00f3 bao gi\u1edd b\u1ea1n t\u1ef1 h\u1ecfi nh\u01b0 th\u1ebf, r\u1ed3i c\u00f3 c\u00e2u tr\u1ea3 l\u1eddi cho ch\u00ednh m\u00ecnh?\",\"breadcrumb\":{\"@id\":\"https:\/\/sachkhaitam.store\/index.php\/product\/tu-duy-nguoc-sach-khai-tam\/#breadcrumb\"},\"inLanguage\":\"vi\",\"potentialAction\":[{\"@type\":\"ReadAction\",\"target\":[\"https:\/\/sachkhaitam.store\/index.php\/product\/tu-duy-nguoc-sach-khai-tam\/\"]}]},{\"@type\":\"ImageObject\",\"inLanguage\":\"vi\",\"@id\":\"https:\/\/sachkhaitam.store\/index.php\/product\/tu-duy-nguoc-sach-khai-tam\/#primaryimage\",\"url\":\"https:\/\/sachkhaitam.store\/wp-content\/uploads\/2025\/07\/Tu-duy-nguoc-Nguyen-Anh-Dung-Sbooks-1.jpg\",\"contentUrl\":\"https:\/\/sachkhaitam.store\/wp-content\/uploads\/2025\/07\/Tu-duy-nguoc-Nguyen-Anh-Dung-Sbooks-1.jpg\",\"width\":1200,\"height\":1200},{\"@type\":\"BreadcrumbList\",\"@id\":\"https:\/\/sachkhaitam.store\/index.php\/product\/tu-duy-nguoc-sach-khai-tam\/#breadcrumb\",\"itemListElement\":[{\"@type\":\"ListItem\",\"position\":1,\"name\":\"Trang ch\u1ee7\",\"item\":\"https:\/\/sachkhaitam.store\/\"},{\"@type\":\"ListItem\",\"position\":2,\"name\":\"Shop\",\"item\":\"https:\/\/sachkhaitam.store\/index.php\/shop\/\"},{\"@type\":\"ListItem\",\"position\":3,\"name\":\"T\u01af DUY NG\u01af\u1ee2C\"}]},{\"@type\":\"WebSite\",\"@id\":\"https:\/\/sachkhaitam.store\/#website\",\"url\":\"https:\/\/sachkhaitam.store\/\",\"name\":\"sachkhaitam.store\",\"description\":\"sachkhaitam\",\"publisher\":{\"@id\":\"https:\/\/sachkhaitam.store\/#organization\"},\"potentialAction\":[{\"@type\":\"SearchAction\",\"target\":{\"@type\":\"EntryPoint\",\"urlTemplate\":\"https:\/\/sachkhaitam.store\/?s={search_term_string}\"},\"query-input\":{\"@type\":\"PropertyValueSpecification\",\"valueRequired\":true,\"valueName\":\"search_term_string\"}}],\"inLanguage\":\"vi\"},{\"@type\":\"Organization\",\"@id\":\"https:\/\/sachkhaitam.store\/#organization\",\"name\":\"sachkhaitam.store\",\"url\":\"https:\/\/sachkhaitam.store\/\",\"logo\":{\"@type\":\"ImageObject\",\"inLanguage\":\"vi\",\"@id\":\"https:\/\/sachkhaitam.store\/#\/schema\/logo\/image\/\",\"url\":\"https:\/\/sachkhaitam.store\/wp-content\/uploads\/2025\/07\/SACH-KHAI-TAM-01-1.svg\",\"contentUrl\":\"https:\/\/sachkhaitam.store\/wp-content\/uploads\/2025\/07\/SACH-KHAI-TAM-01-1.svg\",\"width\":900,\"height\":900,\"caption\":\"sachkhaitam.store\"},\"image\":{\"@id\":\"https:\/\/sachkhaitam.store\/#\/schema\/logo\/image\/\"}}]}<\/script>\n<!-- \/ Yoast SEO plugin. -->","yoast_head_json":{"title":"T\u01af DUY NG\u01af\u1ee2C - sachkhaitam.store","description":"T\u01af DUY NG\u01af\u1ee2C-Ch\u00fang ta th\u1ef1c s\u1ef1 c\u00f3 h\u1ea1nh ph\u00fac kh\u00f4ng? Ch\u00fang ta c\u00f3 \u0111ang s\u1ed1ng cu\u1ed9c \u0111\u1eddi m\u00ecnh kh\u00f4ng? Ch\u00fang ta c\u00f3 d\u00e1m d\u0169ng c\u1ea3m chi\u1ebfn th\u1eafng m\u1ecdi khu\u00f4n m\u1eabu, \u0111\u1ecbnh ki\u1ebfn, \u0111i ng\u01b0\u1ee3c \u0111\u00e1m \u0111\u00f4ng \u0111\u1ec3 kh\u1eb3ng \u0111\u1ecbnh b\u1ea3n s\u1eafc ri\u00eang c\u1ee7a m\u00ecnh kh\u00f4ng?. C\u00f3 bao gi\u1edd b\u1ea1n t\u1ef1 h\u1ecfi nh\u01b0 th\u1ebf, r\u1ed3i c\u00f3 c\u00e2u tr\u1ea3 l\u1eddi cho ch\u00ednh m\u00ecnh?","robots":{"index":"index","follow":"follow","max-snippet":"max-snippet:-1","max-image-preview":"max-image-preview:large","max-video-preview":"max-video-preview:-1"},"canonical":"https:\/\/sachkhaitam.store\/index.php\/product\/tu-duy-nguoc-sach-khai-tam\/","og_locale":"vi_VN","og_type":"article","og_title":"T\u01af DUY NG\u01af\u1ee2C - sachkhaitam.store","og_description":"T\u01af DUY NG\u01af\u1ee2C-Ch\u00fang ta th\u1ef1c s\u1ef1 c\u00f3 h\u1ea1nh ph\u00fac kh\u00f4ng? Ch\u00fang ta c\u00f3 \u0111ang s\u1ed1ng cu\u1ed9c \u0111\u1eddi m\u00ecnh kh\u00f4ng? Ch\u00fang ta c\u00f3 d\u00e1m d\u0169ng c\u1ea3m chi\u1ebfn th\u1eafng m\u1ecdi khu\u00f4n m\u1eabu, \u0111\u1ecbnh ki\u1ebfn, \u0111i ng\u01b0\u1ee3c \u0111\u00e1m \u0111\u00f4ng \u0111\u1ec3 kh\u1eb3ng \u0111\u1ecbnh b\u1ea3n s\u1eafc ri\u00eang c\u1ee7a m\u00ecnh kh\u00f4ng?. C\u00f3 bao gi\u1edd b\u1ea1n t\u1ef1 h\u1ecfi nh\u01b0 th\u1ebf, r\u1ed3i c\u00f3 c\u00e2u tr\u1ea3 l\u1eddi cho ch\u00ednh m\u00ecnh?","og_url":"https:\/\/sachkhaitam.store\/index.php\/product\/tu-duy-nguoc-sach-khai-tam\/","og_site_name":"sachkhaitam.store","article_modified_time":"2025-07-20T16:50:05+00:00","og_image":[{"width":1200,"height":1200,"url":"https:\/\/sachkhaitam.store\/wp-content\/uploads\/2025\/07\/Tu-duy-nguoc-Nguyen-Anh-Dung-Sbooks-1.jpg","type":"image\/jpeg"}],"twitter_card":"summary_large_image","twitter_misc":{"\u01af\u1edbc t\u00ednh th\u1eddi gian \u0111\u1ecdc":"3 ph\u00fat"},"schema":{"@context":"https:\/\/schema.org","@graph":[{"@type":"WebPage","@id":"https:\/\/sachkhaitam.store\/index.php\/product\/tu-duy-nguoc-sach-khai-tam\/","url":"https:\/\/sachkhaitam.store\/index.php\/product\/tu-duy-nguoc-sach-khai-tam\/","name":"T\u01af DUY NG\u01af\u1ee2C - sachkhaitam.store","isPartOf":{"@id":"https:\/\/sachkhaitam.store\/#website"},"primaryImageOfPage":{"@id":"https:\/\/sachkhaitam.store\/index.php\/product\/tu-duy-nguoc-sach-khai-tam\/#primaryimage"},"image":{"@id":"https:\/\/sachkhaitam.store\/index.php\/product\/tu-duy-nguoc-sach-khai-tam\/#primaryimage"},"thumbnailUrl":"https:\/\/sachkhaitam.store\/wp-content\/uploads\/2025\/07\/Tu-duy-nguoc-Nguyen-Anh-Dung-Sbooks-1.jpg","datePublished":"2025-07-20T16:42:47+00:00","dateModified":"2025-07-20T16:50:05+00:00","description":"T\u01af DUY NG\u01af\u1ee2C-Ch\u00fang ta th\u1ef1c s\u1ef1 c\u00f3 h\u1ea1nh ph\u00fac kh\u00f4ng? Ch\u00fang ta c\u00f3 \u0111ang s\u1ed1ng cu\u1ed9c \u0111\u1eddi m\u00ecnh kh\u00f4ng? Ch\u00fang ta c\u00f3 d\u00e1m d\u0169ng c\u1ea3m chi\u1ebfn th\u1eafng m\u1ecdi khu\u00f4n m\u1eabu, \u0111\u1ecbnh ki\u1ebfn, \u0111i ng\u01b0\u1ee3c \u0111\u00e1m \u0111\u00f4ng \u0111\u1ec3 kh\u1eb3ng \u0111\u1ecbnh b\u1ea3n s\u1eafc ri\u00eang c\u1ee7a m\u00ecnh kh\u00f4ng?. C\u00f3 bao gi\u1edd b\u1ea1n t\u1ef1 h\u1ecfi nh\u01b0 th\u1ebf, r\u1ed3i c\u00f3 c\u00e2u tr\u1ea3 l\u1eddi cho ch\u00ednh m\u00ecnh?","breadcrumb":{"@id":"https:\/\/sachkhaitam.store\/index.php\/product\/tu-duy-nguoc-sach-khai-tam\/#breadcrumb"},"inLanguage":"vi","potentialAction":[{"@type":"ReadAction","target":["https:\/\/sachkhaitam.store\/index.php\/product\/tu-duy-nguoc-sach-khai-tam\/"]}]},{"@type":"ImageObject","inLanguage":"vi","@id":"https:\/\/sachkhaitam.store\/index.php\/product\/tu-duy-nguoc-sach-khai-tam\/#primaryimage","url":"https:\/\/sachkhaitam.store\/wp-content\/uploads\/2025\/07\/Tu-duy-nguoc-Nguyen-Anh-Dung-Sbooks-1.jpg","contentUrl":"https:\/\/sachkhaitam.store\/wp-content\/uploads\/2025\/07\/Tu-duy-nguoc-Nguyen-Anh-Dung-Sbooks-1.jpg","width":1200,"height":1200},{"@type":"BreadcrumbList","@id":"https:\/\/sachkhaitam.store\/index.php\/product\/tu-duy-nguoc-sach-khai-tam\/#breadcrumb","itemListElement":[{"@type":"ListItem","position":1,"name":"Trang ch\u1ee7","item":"https:\/\/sachkhaitam.store\/"},{"@type":"ListItem","position":2,"name":"Shop","item":"https:\/\/sachkhaitam.store\/index.php\/shop\/"},{"@type":"ListItem","position":3,"name":"T\u01af DUY NG\u01af\u1ee2C"}]},{"@type":"WebSite","@id":"https:\/\/sachkhaitam.store\/#website","url":"https:\/\/sachkhaitam.store\/","name":"sachkhaitam.store","description":"sachkhaitam","publisher":{"@id":"https:\/\/sachkhaitam.store\/#organization"},"potentialAction":[{"@type":"SearchAction","target":{"@type":"EntryPoint","urlTemplate":"https:\/\/sachkhaitam.store\/?s={search_term_string}"},"query-input":{"@type":"PropertyValueSpecification","valueRequired":true,"valueName":"search_term_string"}}],"inLanguage":"vi"},{"@type":"Organization","@id":"https:\/\/sachkhaitam.store\/#organization","name":"sachkhaitam.store","url":"https:\/\/sachkhaitam.store\/","logo":{"@type":"ImageObject","inLanguage":"vi","@id":"https:\/\/sachkhaitam.store\/#\/schema\/logo\/image\/","url":"https:\/\/sachkhaitam.store\/wp-content\/uploads\/2025\/07\/SACH-KHAI-TAM-01-1.svg","contentUrl":"https:\/\/sachkhaitam.store\/wp-content\/uploads\/2025\/07\/SACH-KHAI-TAM-01-1.svg","width":900,"height":900,"caption":"sachkhaitam.store"},"image":{"@id":"https:\/\/sachkhaitam.store\/#\/schema\/logo\/image\/"}}]}},"jetpack_sharing_enabled":true,"_links":{"self":[{"href":"https:\/\/sachkhaitam.store\/index.php\/wp-json\/wp\/v2\/product\/9148","targetHints":{"allow":["GET"]}}],"collection":[{"href":"https:\/\/sachkhaitam.store\/index.php\/wp-json\/wp\/v2\/product"}],"about":[{"href":"https:\/\/sachkhaitam.store\/index.php\/wp-json\/wp\/v2\/types\/product"}],"replies":[{"embeddable":true,"href":"https:\/\/sachkhaitam.store\/index.php\/wp-json\/wp\/v2\/comments?post=9148"}],"wp:featuredmedia":[{"embeddable":true,"href":"https:\/\/sachkhaitam.store\/index.php\/wp-json\/wp\/v2\/media\/9149"}],"wp:attachment":[{"href":"https:\/\/sachkhaitam.store\/index.php\/wp-json\/wp\/v2\/media?parent=9148"}],"wp:term":[{"taxonomy":"product_cat","embeddable":true,"href":"https:\/\/sachkhaitam.store\/index.php\/wp-json\/wp\/v2\/product_cat?post=9148"},{"taxonomy":"product_tag","embeddable":true,"href":"https:\/\/sachkhaitam.store\/index.php\/wp-json\/wp\/v2\/product_tag?post=9148"}],"curies":[{"name":"wp","href":"https:\/\/api.w.org\/{rel}","templated":true}]}}